2002222 (base 3) to base 6.
205555
What is -51324 (base 7) in base 3?
-122011110
11601 (base 10) to base 6
125413
What is -407 (base 9) in base 7?
-652
What is 9230 (base 13) in base 3?
1000122022
-331113 (base 5) to base 11
-8631
Convert -35753 (base 9) to base 10.
-23943
What is 1020 (base 8) in base 6?
2240
Convert 24202 (base 6) to base 13.
17b7
75 (base 14) to base 11
94
27353 (base 8) to base 15
385b
What is -6147 (base 9) in base 16?
-1192
Convert -112020 (base 3) to base 9.
-466
Convert 3111 (base 12) to base 15.
18b1
-15319 (base 10) to base 9
-23011
a4 (base 13) to base 3
11222
2a094 (base 11) to base 9
64508
Convert 2012100002 (base 3) to base 4.
22203320
What is 30700 (base 8) in base 15?
3b91
Convert -1014454 (base 6) to base 2.
-1011111101100010
Convert -330 (base 14) to base 16.
-276
Convert -2010101022 (base 3) to base 16.
-a367
What is 1010 (base 11) in base 14?
6bc
-3067 (base 8) to base 3
-2011221
What is a4b7 (base 13) in base 2?
101100100001100
Convert -841 (base 13) to base 2.
-10101111101
Convert -3b6 (base 16) to base 11.
-794
-10628 (base 13) to base 7
-152216
What is 58 (base 12) in base 6?
152
1a2 (base 12) to base 10
266
What is 10011100111 (base 2) in base 6?
5451
Convert -2004110 (base 5) to base 7.
-161440
What is -1001112011 (base 3) in base 5?
-1131134
What is -1302 (base 15) in base 13?
-1ac9
Convert -135442 (base 6) to base 2.
-11001001110010
What is 2 (base 7) in base 10?
2
What is -1100111010101 (base 2) in base 8?
-14725
What is -5243 (base 6) in base 4?
-102123
Convert -238a1 (base 11) to base 9.
-52111
What is 8087 (base 9) in base 6?
43211
What is -dea3 (base 15) in base 8?
-134112
-b21 (base 13) to base 15
-85b
-6624 (base 7) to base 12
-1456
ebe (base 15) to base 8
6401
Convert f0 (base 16) to base 11.
1a9
What is 6419 (base 10) in base 14?
24a7
-230545 (base 6) to base 5
-1112044
Convert 3267 (base 9) to base 8.
4552
-b95 (base 13) to base 3
-2201101
What is 788 (base 14) in base 15?
697
Convert 185 (base 11) to base 3.
21221
What is -2a914 (base 12) in base 3?
-10001101121
Convert 5227 (base 10) to base 7.
21145
947 (base 16) to base 13
1109
-1301230 (base 4) to base 9
-10874
Convert 100111000011 (base 2) to base 14.
ca7
What is -500a (base 11) in base 8?
-15011
Convert -635 (base 7) to base 13.
-1b8
30372 (base 9) to base 16
4e17
Convert 15c1 (base 14) to base 8.
7465
Convert 1208 (base 11) to base 16.
62d
Convert 1001001 (base 3) to base 7.
2131
-126085 (base 9) to base 3
-10220002212
What is -9131 (base 12) in base 9?
-23521
What is 23b2 (base 12) in base 11?
3027
110101001 (base 2) to base 11
357
What is 40110 (base 6) in base 5?
131401
-1123202 (base 5) to base 2
-100111111001011
926 (base 13) to base 8
3021
Convert 86b (base 15) to base 5.
30101
-b2 (base 16) to base 15
-bd
4222 (base 10) to base 2
1000001111110
What is 33030232 (base 4) in base 10?
62254
Convert 2440 (base 10) to base 14.
c64
Convert -296c (base 16) to base 3.
-112112202
b1 (base 12) to base 8
205
What is -104721 (base 8) in base 11?
-24564
1289 (base 11) to base 15
765
Convert -1b1a (base 15) to base 11.
-4461
Convert -2be (base 15) to base 7.
-1556
310 (base 7) to base 3
12201
What is -c3 (base 15) in base 2?
-10110111
-10351 (base 7) to base 16
-a18
-1680 (base 9) to base 10
-1287
What is -1421 (base 6) in base 2?
-101110101
Convert -1010010111 (base 2) to base 14.
-355
What is 1011100110011 (base 2) in base 16?
1733
-50134 (base 6) to base 13
-2c8c
Convert 2035 (base 7) to base 5.
10322
Convert 20220011 (base 3) to base 6.
35134
What is -1101001101111111 (base 2) in base 7?
-313565
-3521 (base 9) to base 14
-d47
What is 6302 (base 14) in base 6?
210542
435 (base 12) to base 9
755
What is 10212120200 (base 3) in base 15?
178c9
Convert -1dd (base 15) to base 16.
-1b1
What is -130433 (base 5) in base 10?
-5118
What is 2717 (base 10) in base 3?
10201122
Convert 427 (base 9) to base 4.
11131
What is 1013133 (base 4) in base 9?
6243
Convert bc4 (base 14) to base 7.
6534
What is -58a (base 11) in base 16?
-2bf
Convert -c1 (base 16) to base 3.
-21011
What is -372c (base 16) in base 5?
-422444
What is -4ac (base 14) in base 13?
-570
What is -203123 (base 4) in base 9?
-3088
Convert -1632 (base 11) to base 2.
-100000101100
What is 1111111011 (base 2) in base 4?
33323
What is 28a7 (base 13) in base 11?
4469
Convert 136741 (base 8) to base 14.
13a01
113303 (base 6) to base 7
40443
Convert -35577 (base 9) to base 2.
-101110011111011
Convert 1123 (base 4) to base 10.
91
What is -5046 (base 8) in base 2?
-101000100110
39495 (base 12) to base 16
13271
-663 (base 10) to base 2
-1010010111
What is -10001000100010 (base 2) in base 8?
-21042
-2042 (base 11) to base 4
-222110
What is 24 (base 14) in base 6?
52
What is -2979 (base 11) in base 5?
-110322
Convert -44133 (base 5) to base 4.
-233203
-96 (base 13) to base 4
-1323
What is -32209 (base 12) in base 4?
-100012221
What is -38f (base 16) in base 15?
-40b
What is -6601 (base 10) in base 13?
-300a
What is -768 (base 9) in base 16?
-275
Convert 1072 (base 8) to base 7.
1443
What is -a44 (base 11) in base 9?
-1647
-147 (base 14) to base 8
-403
Convert 439c (base 13) to base 5.
300144
-a64 (base 16) to base 4
-221210
451 (base 15) to base 3
1100011
What is -2557 (base 16) in base 6?
-112131
Convert 10218 (base 11) to base 14.
5606
What is -24213 (base 5) in base 10?
-1808
What is 221 (base 13) in base 9?
445
Convert -676 (base 15) to base 13.
-885
What is -4041 (base 13) in base 16?
-2289
-13111 (base 5) to base 15
-48b
Convert -1010010000001 (base 2) to base 6.
-40145
1001000001110 (base 2) to base 7
16322
Convert -22554 (base 11) to base 6.
-410544
Convert -3130 (base 5) to base 12.
-2a7
Convert 1111011 (base 2) to base 4.
1323
-130201 (base 4) to base 15
-81a
-222c (base 14) to base 13
-2905
What is 33211 (base 4) in base 6?
4341
-112d (base 14) to base 16
-ba5
What is 484 (base 11) in base 12?
400
-3033 (base 4) to base 8
-317
What is 1d22 (base 15) in base 10?
6332
Convert 124 (base 13) to base 7.
403
-1122 (base 13) to base 15
-a99
4145 (base 12) to base 16
1bc5
Convert -2d61 (base 14) to base 5.
-224441
1110010010111 (base 2) to base 8
16227
Convert 14bb (base 12) to base 8.
4617
What is bb95 (base 16) in base 15?
e366
-35a0 (base 12) to base 6
-43520
What is 76d (base 15) in base 7?
4615
What is -1025 (base 8) in base 12?
-385
Convert -384 (base 14) to base 4.
-23000
What is -4614 (base 9) in base 12?
-1b87
What is -107a (base 15) in base 6?
-24054
-13130 (base 4) to base 2
-111011100
Convert 1546c (base 13) to base 10.
40312
40203 (base 6) to base 9
7183
Convert -47a (base 15) to base 16.
-3f7
Convert -92 (base 15) to base 16.
-89
What is 240 (base 14) in base 16?
1c0
Convert 3412 (base 6) to base 13.
497
3013022 (base 4) to base 10
12746
What is 5041 (base 9) in base 10?
3682
Convert -6645 (base 7) to base 15.
-a90
18d (base 15) to base 2
101100110
-100240 (base 5) to base 4
-301323
Convert -4419 (base 10) to base 4.
-1011003
What is -5240 (base 6) in base 14?
-600
-1124 (base 14) to base 8
-5634
-1015123 (base 6) to base 16
-bfbb
What is -20403 (base 5) in base 10?
-1353
What is 21013322 (base 4) in base 13?
14018
Convert -35505 (base 7) to base 11.
-6985
Convert 131 (base 4) to base 10.
29
-146052 (base 7) to base 13
-cc8a
What is -1130 (base 4) in base 13?
-71
-102103 (base 4) to base 3
-1121101
-137b4 (base 12) to base 7
-141622
What is -1210221220 (base 3) in base 2?
-1000101101101011
-225 (base 8) to base 10
-149
-2016 (base 8) to base 11
-864
2a59 (base 11) to base 2
111101100000
What is -703d (base 16) in base 4?
-13000331
Convert -28eb (base 16) to base 10.
-10475
Convert 221 (base 5) to base 12.
51
Convert 3623 (base 10) to base 16.
e27
What is -330130 (base 4) in base 8?
-7434
Convert -10101010 (base 2) to base 7.
-332
What is -13413 (base 6) in base 3?
-2212200
21300 (base 4) to base 7
1551
What is 46220 (base 7) in base 6?
130302
Convert -100011 (base 3) to base 11.
-205
16023 (base 9) to base 15
33a6
Convert 20314 (base 5) to base 15.
5de
What is 3062 (base 7) in base 6?
4545
What is -6919 (base 10) in base 4?
-1230013
-1145 (base 6) to base 10
-281
Convert 1410 (base 6) to base 16.
16e
What is 34c9 (base 14) in base 8?
21751
-11232 (base 7) to base 12
-17a9
Conve